f 7463473 and 180098?
5297
Calculate the highest common factor of 6 and 214369953.
3
Calculate the greatest common factor of 10579 and 954643.
149
What is the greatest common factor of 328779 and 4305?
123
Calculate the highest common factor of 1208 and 877763.
151
Calculate the highest common divisor of 3198 and 36877737.
1599
Calculate the highest common divisor of 3135684042 and 1251.
1251
Calculate the greatest common factor of 1161 and 114171063.
129
What is the highest common factor of 988 and 7433218?
494
Calculate the greatest common divisor of 66 and 203646.
6
Calculate the highest common factor of 50346900 and 99.
9
What is the highest common factor of 113616 and 112564?
1052
Calculate the highest common factor of 7282 and 231726.
22
Calculate the highest common factor of 55384 and 344860.
172
What is the greatest common divisor of 1170 and 32911542?
18
Calculate the greatest common factor of 88892520 and 480.
120
Calculate the highest common factor of 692422357 and 58.
29
Calculate the highest common factor of 122 and 43945376.
122
What is the greatest common factor of 114 and 6309702?
6
What is the greatest common factor of 2068794 and 1526?
14
What is the highest common divisor of 59077422 and 2736?
342
What is the highest common factor of 804 and 193820?
4
Calculate the greatest common divisor of 1090689298 and 1636.
818
What is the highest common factor of 3608 and 1162920?
88
What is the greatest common factor of 12156 and 3967921?
1013
Calculate the greatest common divisor of 6 and 13258764.
6
Calculate the highest common divisor of 218299 and 910906.
419
Calculate the greatest common divisor of 3558 and 15258.
6
What is the highest common factor of 949843 and 13561?
191
Calculate the greatest common divisor of 22763230 and 40.
10
Calculate the greatest common divisor of 26544684 and 12.
12
What is the greatest common divisor of 9296733 and 725?
29
What is the greatest common factor of 109 and 856304?
109
Calculate the greatest common divisor of 606700 and 21650.
50
Calculate the highest common factor of 84660 and 3910.
170
What is the highest common divisor of 520 and 990319720?
520
What is the highest common divisor of 101536551 and 1026?
513
What is the greatest common divisor of 7678 and 3841094?
698
Calculate the highest common factor of 2404185 and 3675.
735
Calculate the highest common divisor of 2382 and 86628.
6
Calculate the highest common factor of 1920777 and 15.
3
Calculate the greatest common divisor of 875 and 855225.
175
What is the highest common factor of 2454898 and 3706?
218
What is the greatest common divisor of 341 and 5860910?
11
Calculate the highest common divisor of 4071 and 835617.
177
Calculate the greatest common divisor of 146 and 45793995.
73
What is the highest common divisor of 217 and 149728481?
217
Calculate the greatest common divisor of 22885 and 3227360.
115
Calculate the highest common divisor of 44 and 2403236.
44
Calculate the greatest common factor of 807 and 17517011.
269
What is the greatest common factor of 243 and 93483207?
27
What is the highest common factor of 4226092 and 10452?
3484
Calculate the greatest common divisor of 34404 and 2429142.
366
What is the highest common factor of 2858779341 and 1991?
1991
What is the greatest common factor of 54 and 108816?
6
Calculate the greatest common divisor of 2557361 and 216750.
289
What is the highest common factor of 16472 and 166112?
232
Calculate the greatest common factor of 82662 and 2024.
46
What is the highest common divisor of 181075752 and 12384?
3096
What is the greatest common divisor of 356 and 30469328?
356
What is the greatest common divisor of 611 and 154792573?
611
What is the highest common divisor of 57 and 93709444?
19
What is the greatest common factor of 3263291832 and 8?
8
What is the highest common divisor of 162 and 44064654?
6
What is the highest common divisor of 283502990 and 760?
190
Calculate the greatest common factor of 2684858 and 77.
11
What is the highest common factor of 752 and 162949?
47
Calculate the highest common factor of 310 and 283105950.
310
Calculate the greatest common factor of 118524183 and 32547.
1713
What is the highest common factor of 1723847 and 11803?
29
What is the highest common divisor of 34056218 and 413?
7
What is the highest common factor of 1626514 and 52877?
437
Calculate the highest common factor of 13040 and 110960.
80
What is the greatest common factor of 2178 and 10833768?
198
Calculate the greatest common divisor of 202910 and 431570.
1030
Calculate the highest common divisor of 37671 and 245601.
87
Calculate the highest common factor of 18 and 10968202.
2
What is the greatest common divisor of 80 and 318241980?
20
Calculate the greatest common factor of 8 and 733498.
2
Calculate the highest common factor of 2623564 and 621.
23
What is the greatest common factor of 301952 and 9856?
896
What is the highest common divisor of 2772 and 197090388?
396
What is the greatest common divisor of 144233134 and 21335?
4267
Calculate the highest common factor of 79236 and 1276083.
639
What is the greatest common divisor of 7662982 and 13232?
1654
Calculate the greatest common divisor of 1017 and 2869614.
9
Calculate the highest common factor of 43674 and 66642.
174
What is the greatest common divisor of 281220061 and 197?
197
What is the highest common factor of 565044 and 384?
12
What is the greatest common factor of 117 and 34652529?
9
What is the greatest common divisor of 611415 and 38745?
945
What is the highest common divisor of 7337 and 22247118?
667
Calculate the highest common divisor of 940 and 1075540.
20
Calculate the highest common factor of 9 and 1828455.
3
What is the greatest common factor of 435006964 and 84?
28
Calculate the highest common factor of 382986 and 84.
6
Calculate the greatest common divisor of 24953075 and 14000.
175
Calculate the greatest common factor of 1375651 and 788.
197
Calculate the greatest common factor of 125242 and 2236.
26
What is the highest common divisor of 191152 and 3848?
104
Calculate the greatest common factor of 119 and 1038484.
1
What is the highest common factor of 19032 and 1520303?
61
What is the highest common factor of 209875 and 599725?
575
What is the greatest common factor of 71482115 and 655?
655
Calculate the highest common divisor of 3555777 and 621.
69
Calculate the highest common divisor of 25623075 and 315.
15
What is the highest common factor of 3986485 and 44080?
2755
What is the highest common divisor of 142975 and 1670575?
475
Calculate the greatest common divisor of 5632 and 107536.
176
Calculate the greatest common divisor of 1202960 and 36190.
110
Calculate the greatest common factor of 6 and 244074864.
6
Calculate the greatest common divisor of 10669146 and 279.
93
Calculate the greatest common factor of 276416 and 796992.
448
Calculate the greatest common factor of 1656330 and 329654.
806
Calculate the greatest common divisor of 122171 and 3929177.
3941
Calculate the highest common factor of 297 and 2787455.
11
What is the highest common factor of 8400 and 2093413?
7
Calculate the greatest common divisor of 7006 and 7733042.
226
Calculate the greatest common divisor of 210 and 328146.
42
What is the greatest common divisor of 237 and 1237005937?
79
What is the greatest common divisor of 89 and 1947409?
89
What is the greatest common divisor of 28804328 and 952?
56
Calculate the greatest common divisor of 460 and 4895872.
92
What is the greatest common factor of 89826 and 48?
6
Calculate the highest common divisor of 3530 and 14590.
10
Calculate the highest common divisor of 26533912 and 505.
101
Calculate the greatest common factor of 35931 and 23713221.
1239
What is the greatest common divisor of 24 and 14002068?
12
Calculate the highest common divisor of 65780 and 27069900.
2860
What is the highest common factor of 683910 and 349690?
170
What is the highest common factor of 345032 and 32895?
731
Calculate the greatest common divisor of 52380 and 54945.
135
Calculate the greatest common divisor of 13220 and 146761169.
661
What is the highest common factor of 7401490 and 670?
670
What is the highest common divisor of 1095957 and 621?
27
Calculate the greatest common factor of 7568 and 1847598544.
7568
W